{"id":35221,"date":"2024-05-28T13:34:20","date_gmt":"2024-05-28T17:34:20","guid":{"rendered":"https:\/\/daeh.gob.do\/daeha2\/?page_id=35221"},"modified":"2026-03-24T09:51:45","modified_gmt":"2026-03-24T13:51:45","slug":"georreferencia-crue","status":"publish","type":"page","link":"https:\/\/daeh.gob.do\/daeha2\/georreferencia-crue\/","title":{"rendered":"Centros Reguladores de Urgencias y Emergencias (CRUE)"},"content":{"rendered":"<p>[et_pb_section fb_built=\u00bb1&#8243; theme_builder_area=\u00bbpost_content\u00bb _builder_version=\u00bb4.27.4&#8243; _module_preset=\u00bbdefault\u00bb custom_padding=\u00bb24px|||||\u00bb][et_pb_row _builder_version=\u00bb4.27.4&#8243; _module_preset=\u00bbdefault\u00bb theme_builder_area=\u00bbpost_content\u00bb custom_padding=\u00bb2px|||||\u00bb][et_pb_column _builder_version=\u00bb4.27.4&#8243; _module_preset=\u00bbdefault\u00bb type=\u00bb4_4&#8243; theme_builder_area=\u00bbpost_content\u00bb][et_pb_text _builder_version=\u00bb4.27.4&#8243; _module_preset=\u00bbdefault\u00bb theme_builder_area=\u00bbpost_content\u00bb hover_enabled=\u00bb0&#8243; sticky_enabled=\u00bb0&#8243;]<\/p>\n<p>Este mapa interactivo proporciona una visualizaci\u00f3n detallada de los Centros Reguladores de Urgencias y Emergencias (CRUE) y sus Centros de Operaciones.<\/p>\n<div class=\"gb-grid-wrapper gb-grid-wrapper-e538146e\">\n<div class=\"gb-grid-column gb-grid-column-969db2a8\">\n<div class=\"gb-container gb-container-969db2a8\">\n<div class=\"gb-container gb-container-68441000\">\n<div class=\"gb-container gb-container-9b4801e4\"><\/div>\n<\/div>\n<\/div>\n<\/div>\n<\/div>\n<p>[\/et_pb_text][\/et_pb_column][\/et_pb_row][et_pb_row _builder_version=\u00bb4.27.4&#8243; _module_preset=\u00bbdefault\u00bb column_structure=\u00bb1_5,1_5,1_5,1_5,1_5&#8243; theme_builder_area=\u00bbpost_content\u00bb][et_pb_column _builder_version=\u00bb4.27.4&#8243; _module_preset=\u00bbdefault\u00bb type=\u00bb1_5&#8243; theme_builder_area=\u00bbpost_content\u00bb][et_pb_image src=\u00bbhttps:\/\/daeh.gob.do\/daeha2\/wp-content\/uploads\/sites\/9\/2024\/07\/0.png\u00bb _builder_version=\u00bb4.27.4&#8243; _module_preset=\u00bbdefault\u00bb theme_builder_area=\u00bbpost_content\u00bb title_text=\u00bb0&#8243; sticky_enabled=\u00bb0&#8243; custom_margin=\u00bb||-2px|||\u00bb custom_padding=\u00bb||0px|||\u00bb border_color_all=\u00bb#003876&#8243; border_width_top=\u00bb2px\u00bb border_width_right=\u00bb2px\u00bb border_width_left=\u00bb2px\u00bb url=\u00bbhttps:\/\/daeh.gob.do\/metro\/\u00bb][\/et_pb_image][et_pb_text _builder_version=\u00bb4.27.4&#8243; _module_preset=\u00bbdefault\u00bb theme_builder_area=\u00bbpost_content\u00bb sticky_enabled=\u00bb0&#8243; border_width_bottom=\u00bb2px\u00bb border_width_left=\u00bb2px\u00bb border_width_right=\u00bb2px\u00bb custom_padding=\u00bb||14px||false|false\u00bb]<\/p>\n<h5 class=\"wp-block-heading has-text-align-center has-accent-color has-text-color has-link-color wp-elements-a908f245de9350e550defd099e134ef4\" style=\"text-align: center;\"><a href=\"https:\/\/daeh.gob.do\/metro\/\">Regi\u00f3n Metropolitana<\/a><\/h5>\n<p>[\/et_pb_text][\/et_pb_column][et_pb_column _builder_version=\u00bb4.27.4&#8243; _module_preset=\u00bbdefault\u00bb type=\u00bb1_5&#8243; theme_builder_area=\u00bbpost_content\u00bb][et_pb_image src=\u00bbhttps:\/\/daeh.gob.do\/daeha2\/wp-content\/uploads\/sites\/9\/2024\/07\/1.png\u00bb _builder_version=\u00bb4.27.4&#8243; _module_preset=\u00bbdefault\u00bb theme_builder_area=\u00bbpost_content\u00bb title_text=\u00bb1&#8243; hover_enabled=\u00bb0&#8243; sticky_enabled=\u00bb0&#8243; custom_margin=\u00bb||-2px|||\u00bb custom_padding=\u00bb||0px|||\u00bb border_color_all=\u00bb#003876&#8243; border_width_top=\u00bb2px\u00bb border_width_right=\u00bb2px\u00bb border_width_left=\u00bb2px\u00bb][\/et_pb_image][et_pb_text _builder_version=\u00bb4.27.4&#8243; _module_preset=\u00bbdefault\u00bb theme_builder_area=\u00bbpost_content\u00bb sticky_enabled=\u00bb0&#8243; border_width_bottom=\u00bb2px\u00bb border_width_left=\u00bb2px\u00bb border_width_right=\u00bb2px\u00bb custom_padding=\u00bb||14px||false|false\u00bb]<\/p>\n<h5 class=\"wp-block-heading has-text-align-center\" style=\"text-align: center;\"><a href=\"https:\/\/daeh.gob.do\/valdesia\/\">Regi\u00f3n Valdesia<\/a><\/h5>\n<p>[\/et_pb_text][\/et_pb_column][et_pb_column _builder_version=\u00bb4.27.4&#8243; _module_preset=\u00bbdefault\u00bb type=\u00bb1_5&#8243; theme_builder_area=\u00bbpost_content\u00bb][et_pb_image src=\u00bbhttps:\/\/daeh.gob.do\/daeha2\/wp-content\/uploads\/sites\/9\/2024\/07\/2.png\u00bb _builder_version=\u00bb4.27.4&#8243; _module_preset=\u00bbdefault\u00bb theme_builder_area=\u00bbpost_content\u00bb title_text=\u00bb2&#8243; hover_enabled=\u00bb0&#8243; sticky_enabled=\u00bb0&#8243; custom_margin=\u00bb||-2px|||\u00bb custom_padding=\u00bb||0px|||\u00bb border_color_all=\u00bb#003876&#8243; border_width_top=\u00bb2px\u00bb border_width_right=\u00bb2px\u00bb border_width_left=\u00bb2px\u00bb][\/et_pb_image][et_pb_text _builder_version=\u00bb4.27.4&#8243; _module_preset=\u00bbdefault\u00bb theme_builder_area=\u00bbpost_content\u00bb sticky_enabled=\u00bb0&#8243; border_width_bottom=\u00bb2px\u00bb border_width_left=\u00bb2px\u00bb border_width_right=\u00bb2px\u00bb custom_padding=\u00bb||14px||false|false\u00bb]<\/p>\n<h5 class=\"wp-block-heading has-text-align-center\" style=\"text-align: center;\"><a href=\"https:\/\/daeh.gob.do\/regional-norcentral\/\">Regi\u00f3n Norcentral<\/a><\/h5>\n<p>[\/et_pb_text][\/et_pb_column][et_pb_column _builder_version=\u00bb4.27.4&#8243; _module_preset=\u00bbdefault\u00bb type=\u00bb1_5&#8243; theme_builder_area=\u00bbpost_content\u00bb][et_pb_image src=\u00bbhttps:\/\/daeh.gob.do\/daeha2\/wp-content\/uploads\/sites\/9\/2024\/07\/3.png\u00bb _builder_version=\u00bb4.27.4&#8243; _module_preset=\u00bbdefault\u00bb theme_builder_area=\u00bbpost_content\u00bb title_text=\u00bb3&#8243; hover_enabled=\u00bb0&#8243; sticky_enabled=\u00bb0&#8243; custom_margin=\u00bb||-2px|||\u00bb custom_padding=\u00bb||0px|||\u00bb border_color_all=\u00bb#003876&#8243; border_width_top=\u00bb2px\u00bb border_width_right=\u00bb2px\u00bb border_width_left=\u00bb2px\u00bb][\/et_pb_image][et_pb_text _builder_version=\u00bb4.27.4&#8243; _module_preset=\u00bbdefault\u00bb theme_builder_area=\u00bbpost_content\u00bb sticky_enabled=\u00bb0&#8243; border_width_bottom=\u00bb2px\u00bb border_width_left=\u00bb2px\u00bb border_width_right=\u00bb2px\u00bb custom_padding=\u00bb||14px||false|false\u00bb]<\/p>\n<h5 class=\"wp-block-heading has-text-align-center\" style=\"text-align: center;\"><a href=\"https:\/\/daeh.gob.do\/nordeste\/\">Regi\u00f3n Nordeste<\/a><\/h5>\n<p>[\/et_pb_text][\/et_pb_column][et_pb_column _builder_version=\u00bb4.27.4&#8243; _module_preset=\u00bbdefault\u00bb type=\u00bb1_5&#8243; theme_builder_area=\u00bbpost_content\u00bb][et_pb_image src=\u00bbhttps:\/\/daeh.gob.do\/daeha2\/wp-content\/uploads\/sites\/9\/2024\/07\/4-1.png\u00bb _builder_version=\u00bb4.27.4&#8243; _module_preset=\u00bbdefault\u00bb theme_builder_area=\u00bbpost_content\u00bb title_text=\u00bb4-1&#8243; hover_enabled=\u00bb0&#8243; sticky_enabled=\u00bb0&#8243; custom_margin=\u00bb||-2px|||\u00bb custom_padding=\u00bb||0px|||\u00bb border_color_all=\u00bb#003876&#8243; border_width_top=\u00bb2px\u00bb border_width_right=\u00bb2px\u00bb border_width_left=\u00bb2px\u00bb][\/et_pb_image][et_pb_text _builder_version=\u00bb4.27.4&#8243; _module_preset=\u00bbdefault\u00bb theme_builder_area=\u00bbpost_content\u00bb sticky_enabled=\u00bb0&#8243; border_width_bottom=\u00bb2px\u00bb border_width_left=\u00bb2px\u00bb border_width_right=\u00bb2px\u00bb custom_padding=\u00bb||14px||false|false\u00bb]<\/p>\n<h5 class=\"wp-block-heading has-text-align-center\" style=\"text-align: center;\"><a href=\"https:\/\/daeh.gob.do\/enriquillo-sur-profundo\/\">Regi\u00f3n Enriquillo<\/a><\/h5>\n<p>[\/et_pb_text][\/et_pb_column][\/et_pb_row][et_pb_row _builder_version=\u00bb4.27.4&#8243; _module_preset=\u00bbdefault\u00bb column_structure=\u00bb1_5,1_5,1_5,1_5,1_5&#8243; theme_builder_area=\u00bbpost_content\u00bb][et_pb_column _builder_version=\u00bb4.27.4&#8243; _module_preset=\u00bbdefault\u00bb type=\u00bb1_5&#8243; theme_builder_area=\u00bbpost_content\u00bb][et_pb_image src=\u00bbhttps:\/\/daeh.gob.do\/daeha2\/wp-content\/uploads\/sites\/9\/2024\/07\/5-1.png\u00bb _builder_version=\u00bb4.27.4&#8243; _module_preset=\u00bbdefault\u00bb theme_builder_area=\u00bbpost_content\u00bb title_text=\u00bb5-1&#8243; sticky_enabled=\u00bb0&#8243; custom_margin=\u00bb||-2px|||\u00bb custom_padding=\u00bb||0px|||\u00bb border_color_all=\u00bb#003876&#8243; border_width_top=\u00bb2px\u00bb border_width_right=\u00bb2px\u00bb border_width_left=\u00bb2px\u00bb url=\u00bbhttps:\/\/daeh.gob.do\/metro\/\u00bb hover_enabled=\u00bb0&#8243;][\/et_pb_image][et_pb_text _builder_version=\u00bb4.27.4&#8243; _module_preset=\u00bbdefault\u00bb theme_builder_area=\u00bbpost_content\u00bb hover_enabled=\u00bb0&#8243; sticky_enabled=\u00bb0&#8243; border_width_bottom=\u00bb2px\u00bb border_width_left=\u00bb2px\u00bb border_width_right=\u00bb2px\u00bb custom_padding=\u00bb||14px||false|false\u00bb]<\/p>\n<h5 class=\"wp-block-heading has-text-align-center\" style=\"text-align: center;\"><a href=\"https:\/\/daeh.gob.do\/el-valle\/\">Regi\u00f3n El valle<\/a><\/h5>\n<p>[\/et_pb_text][\/et_pb_column][et_pb_column _builder_version=\u00bb4.27.4&#8243; _module_preset=\u00bbdefault\u00bb type=\u00bb1_5&#8243; theme_builder_area=\u00bbpost_content\u00bb][et_pb_image src=\u00bbhttps:\/\/daeh.gob.do\/daeha2\/wp-content\/uploads\/sites\/9\/2024\/07\/6.png\u00bb _builder_version=\u00bb4.27.4&#8243; _module_preset=\u00bbdefault\u00bb theme_builder_area=\u00bbpost_content\u00bb title_text=\u00bb6&#8243; hover_enabled=\u00bb0&#8243; sticky_enabled=\u00bb0&#8243; custom_margin=\u00bb||0px||false|false\u00bb custom_padding=\u00bb||||false|false\u00bb border_color_all=\u00bb#003876&#8243; border_width_top=\u00bb2px\u00bb border_width_right=\u00bb2px\u00bb border_width_left=\u00bb2px\u00bb][\/et_pb_image][et_pb_text _builder_version=\u00bb4.27.4&#8243; _module_preset=\u00bbdefault\u00bb theme_builder_area=\u00bbpost_content\u00bb sticky_enabled=\u00bb0&#8243; border_width_bottom=\u00bb2px\u00bb border_width_left=\u00bb2px\u00bb border_width_right=\u00bb2px\u00bb custom_padding=\u00bb||14px||false|false\u00bb]<\/p>\n<h5 class=\"wp-block-heading has-text-align-center\" style=\"text-align: center;\"><a href=\"https:\/\/daeh.gob.do\/el-valle\/\">Regi\u00f3n El valle<\/a><\/h5>\n<p>[\/et_pb_text][\/et_pb_column][et_pb_column _builder_version=\u00bb4.27.4&#8243; _module_preset=\u00bbdefault\u00bb type=\u00bb1_5&#8243; theme_builder_area=\u00bbpost_content\u00bb][et_pb_image src=\u00bbhttps:\/\/daeh.gob.do\/daeha2\/wp-content\/uploads\/sites\/9\/2024\/07\/7-1.png\u00bb _builder_version=\u00bb4.27.4&#8243; _module_preset=\u00bbdefault\u00bb theme_builder_area=\u00bbpost_content\u00bb title_text=\u00bb7-1&#8243; hover_enabled=\u00bb0&#8243; sticky_enabled=\u00bb0&#8243; custom_margin=\u00bb||-2px|||\u00bb custom_padding=\u00bb||0px|||\u00bb border_color_all=\u00bb#003876&#8243; border_width_top=\u00bb2px\u00bb border_width_right=\u00bb2px\u00bb border_width_left=\u00bb2px\u00bb][\/et_pb_image][et_pb_text _builder_version=\u00bb4.27.4&#8243; _module_preset=\u00bbdefault\u00bb theme_builder_area=\u00bbpost_content\u00bb hover_enabled=\u00bb0&#8243; sticky_enabled=\u00bb0&#8243; border_width_bottom=\u00bb2px\u00bb border_width_left=\u00bb2px\u00bb border_width_right=\u00bb2px\u00bb]<\/p>\n<h5 class=\"wp-block-heading has-text-align-center\" style=\"text-align: center;\"><a href=\"https:\/\/daeh.gob.do\/cibao-occidental\/\">Regi\u00f3n Cibao Occidental<\/a><\/h5>\n<p>[\/et_pb_text][\/et_pb_column][et_pb_column _builder_version=\u00bb4.27.4&#8243; _module_preset=\u00bbdefault\u00bb type=\u00bb1_5&#8243; theme_builder_area=\u00bbpost_content\u00bb][et_pb_image src=\u00bbhttps:\/\/daeh.gob.do\/daeha2\/wp-content\/uploads\/sites\/9\/2024\/07\/8.png\u00bb _builder_version=\u00bb4.27.4&#8243; _module_preset=\u00bbdefault\u00bb theme_builder_area=\u00bbpost_content\u00bb title_text=\u00bb8&#8243; hover_enabled=\u00bb0&#8243; sticky_enabled=\u00bb0&#8243; custom_margin=\u00bb||-2px|||\u00bb custom_padding=\u00bb||0px|||\u00bb border_color_all=\u00bb#003876&#8243; border_width_top=\u00bb2px\u00bb border_width_right=\u00bb2px\u00bb border_width_left=\u00bb2px\u00bb][\/et_pb_image][et_pb_text _builder_version=\u00bb4.27.4&#8243; _module_preset=\u00bbdefault\u00bb theme_builder_area=\u00bbpost_content\u00bb sticky_enabled=\u00bb0&#8243; border_width_bottom=\u00bb2px\u00bb border_width_left=\u00bb2px\u00bb border_width_right=\u00bb2px\u00bb custom_padding=\u00bb||14px||false|false\u00bb]<\/p>\n<h5 class=\"wp-block-heading has-text-align-center\" style=\"text-align: center;\"><a href=\"https:\/\/daeh.gob.do\/nordeste\/\">Regi\u00f3n Nordeste<\/a><\/h5>\n<p>[\/et_pb_text][\/et_pb_column][et_pb_column _builder_version=\u00bb4.27.4&#8243; _module_preset=\u00bbdefault\u00bb type=\u00bb1_5&#8243; theme_builder_area=\u00bbpost_content\u00bb][et_pb_image src=\u00bbhttps:\/\/daeh.gob.do\/daeha2\/wp-content\/uploads\/sites\/9\/2024\/07\/MAPA-REGIONES-2.png\u00bb _builder_version=\u00bb4.27.4&#8243; _module_preset=\u00bbdefault\u00bb theme_builder_area=\u00bbpost_content\u00bb title_text=\u00bbMAPA-REGIONES-2&#8243; hover_enabled=\u00bb0&#8243; sticky_enabled=\u00bb0&#8243; custom_margin=\u00bb||-2px|||\u00bb custom_padding=\u00bb||0px|||\u00bb border_color_all=\u00bb#003876&#8243; border_width_top=\u00bb2px\u00bb border_width_right=\u00bb2px\u00bb border_width_left=\u00bb2px\u00bb][\/et_pb_image][et_pb_text _builder_version=\u00bb4.27.4&#8243; _module_preset=\u00bbdefault\u00bb theme_builder_area=\u00bbpost_content\u00bb sticky_enabled=\u00bb0&#8243; border_width_bottom=\u00bb2px\u00bb border_width_left=\u00bb2px\u00bb border_width_right=\u00bb2px\u00bb custom_padding=\u00bb||14px||false|false\u00bb]<\/p>\n<h5 class=\"wp-block-heading has-text-align-center\" style=\"text-align: center;\"><a href=\"https:\/\/daeh.gob.do\/mapa-completo\/\">Mapa Completo<\/a><\/h5>\n<p>[\/et_pb_text][\/et_pb_column][\/et_pb_row][\/et_pb_section]<\/p>\n","protected":false},"excerpt":{"rendered":"<p>Este mapa interactivo proporciona una visualizaci\u00f3n&#8230;<\/p>\n","protected":false},"author":8,"featured_media":0,"parent":0,"menu_order":0,"comment_status":"closed","ping_status":"closed","template":"","meta":{"_acf_changed":false,"_et_pb_use_builder":"on","_et_pb_old_content":"","_et_gb_content_width":"","_monsterinsights_skip_tracking":false,"_monsterinsights_sitenote_active":false,"_monsterinsights_sitenote_note":"","_monsterinsights_sitenote_category":0,"footnotes":""},"class_list":["post-35221","page","type-page","status-publish","hentry"],"acf":[],"yoast_head":"<!-- This site is optimized with the Yoast SEO plugin v27.2 - https:\/\/yoast.com\/product\/yoast-seo-wordpress\/ -->\r\n<title>Centros Reguladores de Urgencias y Emergencias (CRUE) - Direcci\u00f3n de Servicios de Atenci\u00f3n a Emergencias Extrahospitalarias<\/title>\r\n<meta name=\"robots\" content=\"noindex, follow, max-snippet:-1, max-image-preview:large, max-video-preview:-1\" \/>\r\n<meta property=\"og:locale\" content=\"es_ES\" \/>\r\n<meta property=\"og:type\" content=\"article\" \/>\r\n<meta property=\"og:title\" content=\"Centros Reguladores de Urgencias y Emergencias (CRUE) - Direcci\u00f3n de Servicios de Atenci\u00f3n a Emergencias Extrahospitalarias\" \/>\r\n<meta property=\"og:description\" content=\"Este mapa interactivo proporciona una visualizaci\u00f3n...\" \/>\r\n<meta property=\"og:url\" content=\"https:\/\/daeh.gob.do\/daeha2\/georreferencia-crue\/\" \/>\r\n<meta property=\"og:site_name\" content=\"Direcci\u00f3n de Servicios de Atenci\u00f3n a Emergencias Extrahospitalarias\" \/>\r\n<meta property=\"article:publisher\" content=\"https:\/\/www.facebook.com\/Daeh.rd\" \/>\r\n<meta property=\"article:modified_time\" content=\"2026-03-24T13:51:45+00:00\" \/>\r\n<meta name=\"twitter:card\" content=\"summary_large_image\" \/>\r\n<meta name=\"twitter:site\" content=\"@DaehRd\" \/>\r\n<meta name=\"twitter:label1\" content=\"Tiempo de lectura\" \/>\n\t<meta name=\"twitter:data1\" content=\"5 minutos\" \/>\r\n<script type=\"application\/ld+json\" class=\"yoast-schema-graph\">{\"@context\":\"https:\/\/schema.org\",\"@graph\":[{\"@type\":\"WebPage\",\"@id\":\"https:\/\/daeh.gob.do\/daeha2\/georreferencia-crue\/\",\"url\":\"https:\/\/daeh.gob.do\/daeha2\/georreferencia-crue\/\",\"name\":\"Centros Reguladores de Urgencias y Emergencias (CRUE) - Direcci\u00f3n de Servicios de Atenci\u00f3n a Emergencias Extrahospitalarias\",\"isPartOf\":{\"@id\":\"https:\/\/daeh.gob.do\/daeha2\/#website\"},\"datePublished\":\"2024-05-28T17:34:20+00:00\",\"dateModified\":\"2026-03-24T13:51:45+00:00\",\"inLanguage\":\"es\",\"potentialAction\":[{\"@type\":\"ReadAction\",\"target\":[\"https:\/\/daeh.gob.do\/daeha2\/georreferencia-crue\/\"]}]},{\"@type\":\"WebSite\",\"@id\":\"https:\/\/daeh.gob.do\/daeha2\/#website\",\"url\":\"https:\/\/daeh.gob.do\/daeha2\/\",\"name\":\"Direcci\u00f3n de Servicios de Atenci\u00f3n a Emergencias Extrahospitalarias\",\"description\":\"\",\"publisher\":{\"@id\":\"https:\/\/daeh.gob.do\/daeha2\/#organization\"},\"potentialAction\":[{\"@type\":\"SearchAction\",\"target\":{\"@type\":\"EntryPoint\",\"urlTemplate\":\"https:\/\/daeh.gob.do\/daeha2\/?s={search_term_string}\"},\"query-input\":{\"@type\":\"PropertyValueSpecification\",\"valueRequired\":true,\"valueName\":\"search_term_string\"}}],\"inLanguage\":\"es\"},{\"@type\":\"Organization\",\"@id\":\"https:\/\/daeh.gob.do\/daeha2\/#organization\",\"name\":\"Direcci\u00f3n de Servicios de Atenci\u00f3n a Emergencias Extrahospitalarias\",\"url\":\"https:\/\/daeh.gob.do\/daeha2\/\",\"logo\":{\"@type\":\"ImageObject\",\"inLanguage\":\"es\",\"@id\":\"https:\/\/daeh.gob.do\/daeha2\/#\/schema\/logo\/image\/\",\"url\":\"https:\/\/daeh.gob.do\/daeha2\/wp-content\/uploads\/sites\/9\/2023\/05\/DAEH-LATERAL-01.png\",\"contentUrl\":\"https:\/\/daeh.gob.do\/daeha2\/wp-content\/uploads\/sites\/9\/2023\/05\/DAEH-LATERAL-01.png\",\"width\":372,\"height\":59,\"caption\":\"Direcci\u00f3n de Servicios de Atenci\u00f3n a Emergencias Extrahospitalarias\"},\"image\":{\"@id\":\"https:\/\/daeh.gob.do\/daeha2\/#\/schema\/logo\/image\/\"},\"sameAs\":[\"https:\/\/www.facebook.com\/Daeh.rd\",\"https:\/\/x.com\/DaehRd\",\"https:\/\/instagram.com\/daeh.rd\"]}]}<\/script>\r\n<!-- \/ Yoast SEO plugin. -->","yoast_head_json":{"title":"Centros Reguladores de Urgencias y Emergencias (CRUE) - Direcci\u00f3n de Servicios de Atenci\u00f3n a Emergencias Extrahospitalarias","robots":{"index":"noindex","follow":"follow","max-snippet":"max-snippet:-1","max-image-preview":"max-image-preview:large","max-video-preview":"max-video-preview:-1"},"og_locale":"es_ES","og_type":"article","og_title":"Centros Reguladores de Urgencias y Emergencias (CRUE) - Direcci\u00f3n de Servicios de Atenci\u00f3n a Emergencias Extrahospitalarias","og_description":"Este mapa interactivo proporciona una visualizaci\u00f3n...","og_url":"https:\/\/daeh.gob.do\/daeha2\/georreferencia-crue\/","og_site_name":"Direcci\u00f3n de Servicios de Atenci\u00f3n a Emergencias Extrahospitalarias","article_publisher":"https:\/\/www.facebook.com\/Daeh.rd","article_modified_time":"2026-03-24T13:51:45+00:00","twitter_card":"summary_large_image","twitter_site":"@DaehRd","twitter_misc":{"Tiempo de lectura":"5 minutos"},"schema":{"@context":"https:\/\/schema.org","@graph":[{"@type":"WebPage","@id":"https:\/\/daeh.gob.do\/daeha2\/georreferencia-crue\/","url":"https:\/\/daeh.gob.do\/daeha2\/georreferencia-crue\/","name":"Centros Reguladores de Urgencias y Emergencias (CRUE) - Direcci\u00f3n de Servicios de Atenci\u00f3n a Emergencias Extrahospitalarias","isPartOf":{"@id":"https:\/\/daeh.gob.do\/daeha2\/#website"},"datePublished":"2024-05-28T17:34:20+00:00","dateModified":"2026-03-24T13:51:45+00:00","inLanguage":"es","potentialAction":[{"@type":"ReadAction","target":["https:\/\/daeh.gob.do\/daeha2\/georreferencia-crue\/"]}]},{"@type":"WebSite","@id":"https:\/\/daeh.gob.do\/daeha2\/#website","url":"https:\/\/daeh.gob.do\/daeha2\/","name":"Direcci\u00f3n de Servicios de Atenci\u00f3n a Emergencias Extrahospitalarias","description":"","publisher":{"@id":"https:\/\/daeh.gob.do\/daeha2\/#organization"},"potentialAction":[{"@type":"SearchAction","target":{"@type":"EntryPoint","urlTemplate":"https:\/\/daeh.gob.do\/daeha2\/?s={search_term_string}"},"query-input":{"@type":"PropertyValueSpecification","valueRequired":true,"valueName":"search_term_string"}}],"inLanguage":"es"},{"@type":"Organization","@id":"https:\/\/daeh.gob.do\/daeha2\/#organization","name":"Direcci\u00f3n de Servicios de Atenci\u00f3n a Emergencias Extrahospitalarias","url":"https:\/\/daeh.gob.do\/daeha2\/","logo":{"@type":"ImageObject","inLanguage":"es","@id":"https:\/\/daeh.gob.do\/daeha2\/#\/schema\/logo\/image\/","url":"https:\/\/daeh.gob.do\/daeha2\/wp-content\/uploads\/sites\/9\/2023\/05\/DAEH-LATERAL-01.png","contentUrl":"https:\/\/daeh.gob.do\/daeha2\/wp-content\/uploads\/sites\/9\/2023\/05\/DAEH-LATERAL-01.png","width":372,"height":59,"caption":"Direcci\u00f3n de Servicios de Atenci\u00f3n a Emergencias Extrahospitalarias"},"image":{"@id":"https:\/\/daeh.gob.do\/daeha2\/#\/schema\/logo\/image\/"},"sameAs":["https:\/\/www.facebook.com\/Daeh.rd","https:\/\/x.com\/DaehRd","https:\/\/instagram.com\/daeh.rd"]}]}},"_links":{"self":[{"href":"https:\/\/daeh.gob.do\/daeha2\/wp-json\/wp\/v2\/pages\/35221","targetHints":{"allow":["GET"]}}],"collection":[{"href":"https:\/\/daeh.gob.do\/daeha2\/wp-json\/wp\/v2\/pages"}],"about":[{"href":"https:\/\/daeh.gob.do\/daeha2\/wp-json\/wp\/v2\/types\/page"}],"author":[{"embeddable":true,"href":"https:\/\/daeh.gob.do\/daeha2\/wp-json\/wp\/v2\/users\/8"}],"replies":[{"embeddable":true,"href":"https:\/\/daeh.gob.do\/daeha2\/wp-json\/wp\/v2\/comments?post=35221"}],"version-history":[{"count":51,"href":"https:\/\/daeh.gob.do\/daeha2\/wp-json\/wp\/v2\/pages\/35221\/revisions"}],"predecessor-version":[{"id":39082,"href":"https:\/\/daeh.gob.do\/daeha2\/wp-json\/wp\/v2\/pages\/35221\/revisions\/39082"}],"wp:attachment":[{"href":"https:\/\/daeh.gob.do\/daeha2\/wp-json\/wp\/v2\/media?parent=35221"}],"curies":[{"name":"wp","href":"https:\/\/api.w.org\/{rel}","templated":true}]}}